{"id":115,"date":"2023-09-13T17:40:41","date_gmt":"2023-09-13T15:40:41","guid":{"rendered":"https:\/\/elkraftentreprenorerna.se\/?page_id=115"},"modified":"2025-09-30T13:36:49","modified_gmt":"2025-09-30T11:36:49","slug":"kontakt","status":"publish","type":"page","link":"https:\/\/elkraftentreprenorerna.se\/index.php\/kontakt\/","title":{"rendered":"Kontakt"},"content":{"rendered":"<h1>V\u00e4lkommen att kontakta oss!<\/h1>\n<h4><strong>Kontaktperson:<\/strong>&nbsp;<\/h4>\n<p style=\"\">Eva Lendic Edlund<\/p>\n<p>Telefonnummer: 08 &#8211; 762 75 86<\/p>\n<p>Mobilnummer: 072 \u2013 213 12 89<\/p>\n<p>Mailadress: eva.lendic.edlund@in.se<\/p>\n<\/p>\n<p><span style=\"\"><img decoding=\"async\" alt=\"\" data-id=\"245\" width=\"274\" data-init-width=\"1057\" height=\"333\" data-init-height=\"1283\" title=\"\" loading=\"lazy\" src=\"https:\/\/elkraftentreprenorerna.se\/wp-content\/uploads\/2025\/02\/Intranat-UE-Balkong-2.jpg\" data-width=\"274\" data-height=\"333\" style=\"aspect-ratio: auto 1057 \/ 1283;\" mt-d=\"-3.3759999999999764\" ml-d=\"0\"><\/span><\/p>\n<p style=\"\">H\u00e4r hittar du adress till v\u00e5rt kontor och kontaktuppgifter.<\/p>\n<h4 style=\"\"><strong>Bes\u00f6ksadress: <\/strong><\/h4>\n<p style=\"\">Ringv\u00e4gen 100<\/p>\n<p style=\"\">Hiss D, 7 trappor<\/p>\n<p style=\"\">118 60 Stockholm<\/p>\n<p style=\"\">\n<h4 style=\"\"><strong>Postadress:<\/strong><\/h4>\n<p style=\"\">Box 17154<\/p>\n<p style=\"\">104 62 Stockholm<\/p>\n","protected":false},"excerpt":{"rendered":"<p>V\u00e4lkommen att kontakta oss! Kontaktperson:&nbsp; Eva Lendic Edlund Telefonnummer: 08 &#8211; 762 75 86 Mobilnummer: 072 \u2013 213 12 89 Mailadress: eva.lendic.edlund@in.se H\u00e4r hittar du adress till v\u00e5rt kontor och kontaktuppgifter. Bes\u00f6ksadress: Ringv\u00e4gen 100 Hiss D, 7 trappor 118 60 Stockholm Postadress: Box 17154 104 62 Stockholm<\/p>\n","protected":false},"author":5,"featured_media":76,"parent":0,"menu_order":0,"comment_status":"closed","ping_status":"closed","template":"","meta":{"footnotes":"","tve_updated_post":"<div class=\"thrv_wrapper thrv-columns\" style=\"--tcb-col-el-width: 1040;\"><div class=\"tcb-flex-row v-2 tcb--cols--1\"><div class=\"tcb-flex-col\" data-css=\"tve-u-197cf802f7e\" style=\"\"><div class=\"tcb-col\"><div class=\"thrv_wrapper thrv_text_element\"><h1 class=\"\">V\u00e4lkommen att kontakta oss!<\/h1><\/div><div class=\"thrv_wrapper thrv-columns\" style=\"--tcb-col-el-width: 1040;\"><div class=\"tcb-flex-row v-2 tcb--cols--2\"><div class=\"tcb-flex-col\" data-css=\"tve-u-197cf826bb5\" style=\"\"><div class=\"tcb-col\"><div class=\"thrv_wrapper thrv_text_element\">\t<h4 data-css=\"tve-u-18a8f5505ca\" class=\"\"><strong>Kontaktperson:<\/strong>&nbsp;<\/h4><p data-css=\"tve-u-18a8f527eb2\" style=\"\">Eva Lendic Edlund<\/p><p data-css=\"tve-u-18a8f527eb4\">Telefonnummer: 08 - 762 75 86<\/p><p data-css=\"tve-u-18a8f527eb4\">Mobilnummer: 072 \u2013 213 12 89<\/p><p data-css=\"tve-u-18a8f527eb5\">Mailadress: eva.lendic.edlund@in.se<\/p><p data-css=\"tve-u-18a8f527eb5\"><br><\/p><\/div><\/div><\/div><div class=\"tcb-flex-col\" data-css=\"tve-u-197cf83184f\" style=\"\"><div class=\"tcb-col\"><div class=\"thrv_wrapper tve_image_caption\" data-css=\"tve-u-197cf835fed\" style=\"\"><span class=\"tve_image_frame\" style=\"\"><img decoding=\"async\" class=\"tve_image wp-image-245\" alt=\"\" data-id=\"245\" width=\"274\" data-init-width=\"1057\" height=\"333\" data-init-height=\"1283\" title=\"\" loading=\"lazy\" src=\"https:\/\/elkraftentreprenorerna.se\/wp-content\/uploads\/2025\/02\/Intranat-UE-Balkong-2.jpg\" data-width=\"274\" data-height=\"333\" data-css=\"tve-u-197cf839865\" style=\"aspect-ratio: auto 1057 \/ 1283;\" mt-d=\"-3.3759999999999764\" ml-d=\"0\"><\/span><\/div><\/div><\/div><\/div><\/div><div class=\"thrv_wrapper thrv_text_element\" style=\"\" data-css=\"tve-u-18a8f5cbac2\"><p data-css=\"tve-u-18a8f50f337\" style=\"\">H\u00e4r hittar du adress till v\u00e5rt kontor och kontaktuppgifter.<\/p><h4 style=\"\" class=\"\" data-css=\"tve-u-18a8f549a8f\"><strong>Bes\u00f6ksadress: <\/strong><\/h4><p data-css=\"tve-u-18a8f527eb5\" style=\"\">Ringv\u00e4gen 100<\/p><p data-css=\"tve-u-18a8f527eb5\" style=\"\">Hiss D, 7 trappor<\/p><p data-css=\"tve-u-18a8f527eb5\" style=\"\">118 60 Stockholm<\/p><p data-css=\"tve-u-18a8f527eb5\" style=\"\"><br><\/p><h4 class=\"\" style=\"\" data-css=\"tve-u-18a8f546fc2\"><strong>Postadress:<\/strong><\/h4><p style=\"\" data-css=\"tve-u-18a8f5423ea\">Box 17154<\/p><p style=\"\" data-css=\"tve-u-18a8f540982\">104 62 Stockholm<\/p><\/div><\/div><\/div><\/div><\/div><div class=\"thrv_wrapper thrv-page-section tve-height-update tcb-window-width\" style=\"\">\n\t<div class=\"tve-page-section-out\" style=\"\" data-css=\"tve-u-18a93a094a8\"><\/div>\n\t<div class=\"tve-page-section-in tve_empty_dropzone\" data-css=\"tve-u-18a93a048a1\"><\/div>\n<\/div>","tve_custom_css":"@media (min-width: 300px){.tcb-post-list[data-css=\"tve-u-16ed4d2e581\"] .post-wrapper.thrv_wrapper { width: calc(100% + 0px); }.tcb-post-list[data-css=\"tve-u-16ed4d2e581\"] .post-wrapper.thrv_wrapper:nth-child(n+2) { margin-top: 40px !important; }.tcb-post-list[data-css=\"tve-u-16ed4d2e581\"] .post-wrapper.thrv_wrapper:not(:nth-child(n+2)) { margin-top: 0px !important; }.tcb-post-list[data-css=\"tve-u-16ed4d2e581\"] .post-wrapper.thrv_wrapper:not(:nth-child(n)) { margin-right: 30px !important; }.tcb-post-list[data-css=\"tve-u-16ed4d2e581\"] .post-wrapper.thrv_wrapper:nth-child(n) { margin-right: 0px !important; }:not(#tve) [data-css=\"tve-u-18a8f50f337\"] { color: rgb(66, 66, 66) !important; --tcb-applied-color: rgb(66,66,66) !important; --tve-applied-color: rgb(66,66,66) !important; }:not(#tve) [data-css=\"tve-u-18a8f527eb2\"] { color: rgb(66, 66, 66) !important; --tcb-applied-color: rgb(66,66,66) !important; --tve-applied-color: rgb(66,66,66) !important; padding-bottom: 0px !important; margin-bottom: 0px !important; padding-top: 9px !important; margin-top: 0px !important; }:not(#tve) [data-css=\"tve-u-18a8f527eb4\"] { color: rgb(66, 66, 66) !important; --tcb-applied-color: rgb(66,66,66) !important; --tve-applied-color: rgb(66,66,66) !important; padding-bottom: 1px !important; margin-bottom: 0px !important; }:not(#tve) [data-css=\"tve-u-18a8f527eb5\"] { color: rgb(66, 66, 66) !important; --tcb-applied-color: rgb(66,66,66) !important; --tve-applied-color: rgb(66,66,66) !important; padding-bottom: 1px !important; margin-bottom: 0px !important; }:not(#tve) [data-css=\"tve-u-18a8f540982\"] { padding-bottom: 0px !important; margin-bottom: 0px !important; }:not(#tve) [data-css=\"tve-u-18a8f5423ea\"] { padding-bottom: 0px !important; margin-bottom: 0px !important; }:not(#tve) [data-css=\"tve-u-18a8f546fc2\"] { padding-bottom: 4px !important; margin-bottom: 0px !important; }:not(#tve) [data-css=\"tve-u-18a8f549a8f\"] { padding-bottom: 0px !important; margin-bottom: 0px !important; }:not(#tve) [data-css=\"tve-u-18a8f5505ca\"] { padding-bottom: 0px !important; margin-bottom: 0px !important; }[data-css=\"tve-u-18a8f5cbac2\"] { margin-bottom: 0px !important; padding-bottom: 15px !important; margin-top: 20px !important; }[data-css=\"tve-u-18a93a048a1\"] { min-width: auto; max-width: 1040px; }[data-css=\"tve-u-18a93a094a8\"] { background-image: linear-gradient(var(--tcb-skin-color-2),var(--tcb-skin-color-2)) !important; background-size: auto !important; background-position: 50% 50% !important; background-attachment: scroll !important; background-repeat: no-repeat !important; --background-image: linear-gradient(var(--tcb-skin-color-2),var(--tcb-skin-color-2)) !important; --background-size: auto auto !important; --background-position: 50% 50% !important; --background-attachment: scroll !important; --background-repeat: no-repeat !important; --tve-applied-background-image: linear-gradient(var$(--tcb-skin-color-2),var$(--tcb-skin-color-2)) !important; }[data-css=\"tve-u-197cf802f7e\"] { max-width: 100%; }[data-css=\"tve-u-197cf826bb5\"] { max-width: 50%; }[data-css=\"tve-u-197cf83184f\"] { max-width: 50%; }[data-css=\"tve-u-197cf835fed\"] { width: 278px; display: inline-block; padding-left: 0px !important; padding-right: 4px !important; }[data-css=\"tve-u-197cf839865\"] { margin-top: -3.376px; margin-left: 0px; width: 100% !important; max-width: none !important; }[data-css=\"tve-u-197cf835fed\"] .tve_image_frame { height: 334.064px; }}@media (max-width: 1023px){.tcb-post-list[data-css=\"tve-u-16ed4d2e581\"] .post-wrapper.thrv_wrapper { width: calc(100% + 0px); }.tcb-post-list[data-css=\"tve-u-16ed4d2e581\"] .post-wrapper.thrv_wrapper:nth-child(n+2) { margin-top: 40px !important; }.tcb-post-list[data-css=\"tve-u-16ed4d2e581\"] .post-wrapper.thrv_wrapper:not(:nth-child(n+2)) { margin-top: 0px !important; }.tcb-post-list[data-css=\"tve-u-16ed4d2e581\"] .post-wrapper.thrv_wrapper:not(:nth-child(n)) { margin-right: 30px !important; }.tcb-post-list[data-css=\"tve-u-16ed4d2e581\"] .post-wrapper.thrv_wrapper:nth-child(n) { margin-right: 0px !important; }[data-css=\"tve-u-18a93a048a1\"] { max-width: 688px; }}@media (max-width: 767px){.tcb-post-list[data-css=\"tve-u-16ed4d2e581\"] .post-wrapper.thrv_wrapper { width: calc(100% + 0px); }.tcb-post-list[data-css=\"tve-u-16ed4d2e581\"] .post-wrapper.thrv_wrapper:nth-child(n+2) { margin-top: 40px !important; }.tcb-post-list[data-css=\"tve-u-16ed4d2e581\"] .post-wrapper.thrv_wrapper:not(:nth-child(n+2)) { margin-top: 0px !important; }.tcb-post-list[data-css=\"tve-u-16ed4d2e581\"] .post-wrapper.thrv_wrapper:not(:nth-child(n)) { margin-right: 0px !important; }.tcb-post-list[data-css=\"tve-u-16ed4d2e581\"] .post-wrapper.thrv_wrapper:nth-child(n) { margin-right: 0px !important; }[data-css=\"tve-u-18a93a048a1\"] { max-width: 320px; }}","tve_user_custom_css":"","tve_globals":{"e":"1","font_cls":[]},"tcb2_ready":1,"tcb_editor_enabled":1,"tve_landing_page":"","_tve_header":"","_tve_footer":""},"class_list":["post-115","page","type-page","status-publish","has-post-thumbnail","hentry","post-wrapper","thrv_wrapper"],"_links":{"self":[{"href":"https:\/\/elkraftentreprenorerna.se\/index.php\/wp-json\/wp\/v2\/pages\/115","targetHints":{"allow":["GET"]}}],"collection":[{"href":"https:\/\/elkraftentreprenorerna.se\/index.php\/wp-json\/wp\/v2\/pages"}],"about":[{"href":"https:\/\/elkraftentreprenorerna.se\/index.php\/wp-json\/wp\/v2\/types\/page"}],"author":[{"embeddable":true,"href":"https:\/\/elkraftentreprenorerna.se\/index.php\/wp-json\/wp\/v2\/users\/5"}],"replies":[{"embeddable":true,"href":"https:\/\/elkraftentreprenorerna.se\/index.php\/wp-json\/wp\/v2\/comments?post=115"}],"version-history":[{"count":13,"href":"https:\/\/elkraftentreprenorerna.se\/index.php\/wp-json\/wp\/v2\/pages\/115\/revisions"}],"predecessor-version":[{"id":269,"href":"https:\/\/elkraftentreprenorerna.se\/index.php\/wp-json\/wp\/v2\/pages\/115\/revisions\/269"}],"wp:featuredmedia":[{"embeddable":true,"href":"https:\/\/elkraftentreprenorerna.se\/index.php\/wp-json\/wp\/v2\/media\/76"}],"wp:attachment":[{"href":"https:\/\/elkraftentreprenorerna.se\/index.php\/wp-json\/wp\/v2\/media?parent=115"}],"curies":[{"name":"wp","href":"https:\/\/api.w.org\/{rel}","templated":true}]}}