{"id":117,"date":"2023-09-13T17:40:52","date_gmt":"2023-09-13T15:40:52","guid":{"rendered":"https:\/\/elkraftentreprenorerna.se\/?page_id=117"},"modified":"2025-04-07T11:01:02","modified_gmt":"2025-04-07T09:01:02","slug":"aktuellt","status":"publish","type":"page","link":"https:\/\/elkraftentreprenorerna.se\/index.php\/aktuellt\/","title":{"rendered":"Aktuellt"},"content":{"rendered":"<h2>P\u00e5 denna sida kommer vi att l\u00e4gga upp intressanta nyheter, artiklar och videos som handlar om v\u00e5rt branschomr\u00e5de.<\/h2>\n<p><span><img decoding=\"async\" alt=\"\" data-id=\"250\" width=\"391\" data-init-width=\"391\" height=\"129\" data-init-height=\"129\" title=\"Vic Energi\" loading=\"lazy\" src=\"https:\/\/elkraftentreprenorerna.se\/wp-content\/uploads\/2025\/04\/Vic-Energi.png\" data-width=\"391\" data-height=\"129\" style=\"aspect-ratio: auto 391 \/ 129;\"><\/span><\/p>\n<p>Vi h\u00e4lsar <strong>Vic Energi<\/strong> v\u00e4lkommen som ny medlem i Sveriges Elkraftentrepren\u00f6rer.<\/p>\n<\/p>\n<h3><strong>Ny branschansvarig f\u00f6r Sveriges Elkraftentrepren\u00f6rer<\/strong><\/h3>\n<p>Eva Lendic Edlund blir v\u00e5r nya branschansvariga f\u00f6r Sveriges Elkraftentrepren\u00f6rer.&nbsp;<\/p>\n<p>Eva har en examen i ekonomi fr\u00e5n Linn\u00e9universitetet och har arbetat inom energibranschen sedan \u00e5r 2000. (Telge Energi och Ume\u00e5 Energi).<\/p>\n<p>Eva \u00e4r idag VD f\u00f6r fiberkommunikationsf\u00f6retaget Norrsken AB och p\u00e5b\u00f6rjar sin nya tj\u00e4nst hos oss den 1 juli 2025.<\/p>\n<p><span style=\"\"><img decoding=\"async\" alt=\"\" data-id=\"245\" width=\"342\" data-init-width=\"1057\" height=\"415\" data-init-height=\"1283\" title=\"\" loading=\"lazy\" src=\"https:\/\/elkraftentreprenorerna.se\/wp-content\/uploads\/2025\/02\/Intranat-UE-Balkong-2.jpg\" data-width=\"342\" data-height=\"415\" style=\"aspect-ratio: auto 1057 \/ 1283;\" ml-d=\"0\" mt-d=\"-8.305000000000007\"><\/span><\/p>\n<h3><strong>Artikel i Dagens Nyheter om utbildning f\u00f6r stationstekniker<\/strong><\/h3>\n<p><strong>L\u00e4s mer p\u00e5 denna sida: <a href=\"https:\/\/www.dn.se\/ekonomi\/elbranschen-skriker-efter-kompetens-de-far-utbildning-hos-foretag\/\" style=\"outline: none;\" target=\"_blank\">Stationsteknikerprogram<\/a><\/strong><a href=\"https:\/\/www.dn.se\/ekonomi\/elbranschen-skriker-efter-kompetens-de-far-utbildning-hos-foretag\/\" style=\"outline: none;\" target=\"_blank\"><\/a><\/p>\n<h3><strong>H\u00f6gsp\u00e4nning official<\/strong><\/h3>\n<p>TV-serien H\u00f6gsp\u00e4nning \u00e4r ett samarbete mellan Vattenfall och&nbsp;Skellefte\u00e5 Kraft som visar personer i energibranschen och deras sp\u00e4nnande arbete f\u00f6r att elen i Sverige ska fungera tryggt och s\u00e4kert.&nbsp;Programmet visas p\u00e5&nbsp;Viaplay och TV3 p\u00e5 m\u00e5ndagar 21.00.&nbsp;<\/p>\n<p style=\"\">Skellefte\u00e5 Kraft:<a href=\"https:\/\/www.youtube.com\/redirect?event=video_description&amp;redir_token=QUFFLUhqblVnNm9PZjBtVjZ1VUFKSEdLNXZoN1luVEVOUXxBQ3Jtc0tuX2pjX0k1QklsZk1ENUlPY2h0MUQ2YU1fM3RzWjdleE1faDh2bjJwaXhsZjAtMkVfMWVOMm1tZE52WVdzb0phMENqOXZYUkdJZk4wOHRNSWRfV2k5ZkNyTi1YS2Jlc25YM09ZbjNBZGpRUTE5SFlMWQ&amp;q=https%3A%2F%2Fwww.skekraft.se%2Fom-oss%2Fjobba-hos-oss%2Fhogspanning-tv-serie-pa-viaplay%2F&amp;v=Ej3vwnjhepg\" rel=\"nofollow\" tabindex=\"0\" target=\"_blank\" style=\"outline: none;\">https:\/\/www.skekraft.se\/om-oss\/jobba-&#8230;<\/a> Vattenfall: <a href=\"https:\/\/www.youtube.com\/redirect?event=video_description&amp;redir_token=QUFFLUhqbHY5bV90VHk0WWk4a2F2QjBPbzZlU18xN2p5d3xBQ3Jtc0tsU19EWENIdThRM1ZwX1hNdUxUc0FkX19PQVI4U2xZLU00d3RvTS1GcS0xaXNDRm9HUkotSk5pOWxnUjdiODdWbl9Ob1BvZjNyOXR2Ml9yMUNkWU9odkRHamVKMC1lU0JmNTBiU0p4dU8yLXZqRUZraw&amp;q=https%3A%2F%2Fcareers.vattenfall.com%2Fse%2Fsv%2Fhogspanning&amp;v=Ej3vwnjhepg\" rel=\"nofollow\" tabindex=\"0\" target=\"_blank\" style=\"outline: none;\">https:\/\/careers.vattenfall.com\/se\/sv\/&#8230;<\/a> Viaplay:<a href=\"https:\/\/www.youtube.com\/redirect?event=video_description&amp;redir_token=QUFFLUhqa3JOT1FtQlBsa2J6RUVETFFJYnlZZVVQOHNvd3xBQ3Jtc0tsOXFDMk90TlJXMlRyaUo2RzNmZDI1anRuTFRIN2EyOHNxSUNDTVdLYTVUNEdpdTZnb1hpLVgwSFlWYVJxWjdMUjdlN0lKblVTa0l2UlhZaWgwSFl0TWJqVy1aMVJtY3NESmlBTFptak81ZGhsRWUxUQ&amp;q=https%3A%2F%2Fviaplay.se%2Fserier%2Fhogspanning&amp;v=Ej3vwnjhepg\" rel=\"nofollow\" tabindex=\"0\" target=\"_blank\" style=\"outline: none;\">https:\/\/viaplay.se\/serier\/hogspanning<\/a><\/p>\n<p style=\"\">Facebook:<a href=\"https:\/\/www.youtube.com\/redirect?event=video_description&amp;redir_token=QUFFLUhqbkxaYlJJUzRfYmFfRk5XQ2lzMWYxdlNLa3Rzd3xBQ3Jtc0tsRjd6bW5KRTR2SHVYajlUS3VjaktLWFJraVV3b1RUbU9lX3FLbEdIMHdYUURjcnhZcmpoNDhYSW5fNF9mUVd6WVc3b3hFQl9xcUhyZHRCOEZrME04bG5fS05qUUJWQ2JHYVI4cnJVNDFRdlhQd2FfUQ&amp;q=https%3A%2F%2Fwww.facebook.com%2Fhogspanning%C2%A0&amp;v=Ej3vwnjhepg\" rel=\"nofollow\" tabindex=\"0\" target=\"_blank\" style=\"outline: none;\">&nbsp;&nbsp;\/&nbsp;hogspanning&nbsp;&nbsp;&nbsp;<\/a><\/p>\n<p style=\"\">TikTok:<a href=\"https:\/\/www.youtube.com\/redirect?event=video_description&amp;redir_token=QUFFLUhqbVoyWHhjNmlXcjc4S3RWZFZlbmNJREgyZlBpZ3xBQ3Jtc0trMHM5ZlA1YWRqOVRsVi1vc1A5NVYzYkZZbEFTNk9naW9kZWFHUGk4eEV4Q1JrVTZZV1IyNE1oQldxQkFQX19rWlpoX2R2RWFmdDVIZXZ5NnVyQkZUWlZWTzlTMnV4enZPV0VBQnNSbmd0NTYwa3RYRQ&amp;q=https%3A%2F%2Fwww.tiktok.com%2F%40hogspanning%C2%A0&amp;v=Ej3vwnjhepg\" rel=\"nofollow\" tabindex=\"0\" target=\"_blank\" style=\"outline: none;\">&nbsp;&nbsp;\/&nbsp;hogspanning&nbsp;&nbsp;&nbsp;<\/a><\/p>\n<p style=\"\">Instagram:<a href=\"https:\/\/www.youtube.com\/redirect?event=video_description&amp;redir_token=QUFFLUhqbUVzVldidmVpbTc0Yi1YbkpCWlkyNUk1czYzd3xBQ3Jtc0tucDNBbjNQdldkbFJMU0h6Rk9HVGhBQ2dkMEZGeE1yVE9mTXZyQlQ4MnNuaDhVanVSU0tvd0R4MnQ3Z2RZV2NIVjV4X3ZFVXhtSWhERTZXbjMxbG1UbEFidmlTcFBMY1EwQTJVR19CZm9jb3RuZ0ZjMA&amp;q=https%3A%2F%2Fwww.instagram.com%2Fhogspanningofficial%2F&amp;v=Ej3vwnjhepg\" rel=\"nofollow\" tabindex=\"0\" target=\"_blank\" style=\"outline: none;\">&nbsp;&nbsp;\/&nbsp;hogspanningofficial&nbsp;&nbsp;<\/a><\/p>\n<h3><strong>ONE Challenge<\/strong>&nbsp;<\/h3>\n<p>Anders Jansson och v\u00e5r VD Jonas Arvidsson unders\u00f6ker om k\u00e4nda svenska idrottsstj\u00e4rnor har det som kr\u00e4vs f\u00f6r att utf\u00f6ra de jobb som energibranschens supertekniker g\u00f6r dagligen.<\/p>\n<p>Har du det som kr\u00e4vs? S\u00f6k d\u00e5 jobb hos oss! Energibranschen beh\u00f6ver 100 000 ingenj\u00f6rer och tekniker de kommande 10 \u00e5ren. Tillsammans ska vi bygga framtidens fossilfria samh\u00e4lle.&nbsp;<\/p>\n","protected":false},"excerpt":{"rendered":"<p>P\u00e5 denna sida kommer vi att l\u00e4gga upp intressanta nyheter, artiklar och videos som handlar om v\u00e5rt branschomr\u00e5de. Vi h\u00e4lsar Vic Energi v\u00e4lkommen som ny medlem i Sveriges Elkraftentrepren\u00f6rer. Ny branschansvarig f\u00f6r Sveriges Elkraftentrepren\u00f6rer Eva Lendic Edlund blir v\u00e5r nya branschansvariga f\u00f6r Sveriges Elkraftentrepren\u00f6rer.&nbsp; Eva har en examen i ekonomi fr\u00e5n Linn\u00e9universitetet och har arbetat [&hellip;]<\/p>\n","protected":false},"author":5,"featured_media":164,"parent":0,"menu_order":0,"comment_status":"closed","ping_status":"closed","template":"","meta":{"footnotes":"","tve_updated_post":"<div class=\"thrv_wrapper thrv_text_element\"><h2 class=\"\">P\u00e5 denna sida kommer vi att l\u00e4gga upp intressanta nyheter, artiklar och videos som handlar om v\u00e5rt branschomr\u00e5de.<\/h2><\/div><div class=\"thrv_wrapper thrv-columns\" style=\"--tcb-col-el-width: 1040;\"><div class=\"tcb-flex-row v-2 tcb--cols--2\"><div class=\"tcb-flex-col\"><div class=\"tcb-col\"><div class=\"thrv_wrapper tve_image_caption\" data-css=\"tve-u-1960f7a8fef\"><span class=\"tve_image_frame\"><img decoding=\"async\" class=\"tve_image wp-image-250\" alt=\"\" data-id=\"250\" width=\"391\" data-init-width=\"391\" height=\"129\" data-init-height=\"129\" title=\"Vic Energi\" loading=\"lazy\" src=\"https:\/\/elkraftentreprenorerna.se\/wp-content\/uploads\/2025\/04\/Vic-Energi.png\" data-width=\"391\" data-height=\"129\" style=\"aspect-ratio: auto 391 \/ 129;\"><\/span><\/div><\/div><\/div><div class=\"tcb-flex-col\"><div class=\"tcb-col\"><div class=\"thrv_wrapper thrv_text_element\">\t<p>Vi h\u00e4lsar <strong>Vic Energi<\/strong> v\u00e4lkommen som ny medlem i Sveriges Elkraftentrepren\u00f6rer.<\/p><p><br><\/p><\/div><\/div><\/div><\/div><\/div><div class=\"thrv_wrapper thrv_text_element\"><p><br><\/p><\/div><div class=\"thrv_wrapper thrv-columns\" style=\"--tcb-col-el-width: 1040;\"><div class=\"tcb-flex-row v-2 tcb--cols--2\"><div class=\"tcb-flex-col\" data-css=\"tve-u-195418b5c8f\" style=\"\"><div class=\"tcb-col\"><div class=\"thrv_wrapper thrv_text_element\"><h3 class=\"\"><strong>Ny branschansvarig f\u00f6r Sveriges Elkraftentrepren\u00f6rer<\/strong><\/h3><p>Eva Lendic Edlund blir v\u00e5r nya branschansvariga f\u00f6r Sveriges Elkraftentrepren\u00f6rer.&nbsp;<\/p><p>Eva har en examen i ekonomi fr\u00e5n Linn\u00e9universitetet och har arbetat inom energibranschen sedan \u00e5r 2000. (Telge Energi och Ume\u00e5 Energi).<\/p><p>Eva \u00e4r idag VD f\u00f6r fiberkommunikationsf\u00f6retaget Norrsken AB och p\u00e5b\u00f6rjar sin nya tj\u00e4nst hos oss den 1 juli 2025.<\/p><\/div><\/div><\/div><div class=\"tcb-flex-col\"><div class=\"tcb-col\"><div class=\"thrv_wrapper tve_image_caption\" data-css=\"tve-u-195418a2ef9\" style=\"\"><span class=\"tve_image_frame\" style=\"\"><img decoding=\"async\" class=\"tve_image wp-image-245 tcb-moved-image\" alt=\"\" data-id=\"245\" width=\"342\" data-init-width=\"1057\" height=\"415\" data-init-height=\"1283\" title=\"\" loading=\"lazy\" src=\"https:\/\/elkraftentreprenorerna.se\/wp-content\/uploads\/2025\/02\/Intranat-UE-Balkong-2.jpg\" data-width=\"342\" data-height=\"415\" style=\"aspect-ratio: auto 1057 \/ 1283;\" data-css=\"tve-u-195418a43ce\" ml-d=\"0\" mt-d=\"-8.305000000000007\"><\/span><\/div><\/div><\/div><\/div><\/div><div class=\"thrv_wrapper thrv_text_element\"><h3 class=\"\"><strong>Artikel i Dagens Nyheter om utbildning f\u00f6r stationstekniker<\/strong><\/h3><p><strong>L\u00e4s mer p\u00e5 denna sida: <a class=\"\" href=\"https:\/\/www.dn.se\/ekonomi\/elbranschen-skriker-efter-kompetens-de-far-utbildning-hos-foretag\/\" style=\"outline: none;\" target=\"_blank\">Stationsteknikerprogram<\/a><\/strong><a href=\"https:\/\/www.dn.se\/ekonomi\/elbranschen-skriker-efter-kompetens-de-far-utbildning-hos-foretag\/\" style=\"outline: none;\" target=\"_blank\"><\/a><\/p><\/div><div class=\"thrv_wrapper thrv-columns\" style=\"--tcb-col-el-width: 1040;\"><div class=\"tcb-flex-row v-2 tcb--cols--2\"><div class=\"tcb-flex-col\"><div class=\"tcb-col\"><div class=\"thrv_wrapper thrv_text_element\"><h3 class=\"\"><strong>H\u00f6gsp\u00e4nning official<\/strong><\/h3><p>TV-serien H\u00f6gsp\u00e4nning \u00e4r ett samarbete mellan Vattenfall och&nbsp;Skellefte\u00e5 Kraft som visar personer i energibranschen och deras sp\u00e4nnande arbete f\u00f6r att elen i Sverige ska fungera tryggt och s\u00e4kert.&nbsp;Programmet visas p\u00e5&nbsp;Viaplay och TV3 p\u00e5 m\u00e5ndagar 21.00.&nbsp;<\/p><p style=\"\" data-css=\"tve-u-18c67df912c\">Skellefte\u00e5 Kraft:<a href=\"https:\/\/www.youtube.com\/redirect?event=video_description&amp;redir_token=QUFFLUhqblVnNm9PZjBtVjZ1VUFKSEdLNXZoN1luVEVOUXxBQ3Jtc0tuX2pjX0k1QklsZk1ENUlPY2h0MUQ2YU1fM3RzWjdleE1faDh2bjJwaXhsZjAtMkVfMWVOMm1tZE52WVdzb0phMENqOXZYUkdJZk4wOHRNSWRfV2k5ZkNyTi1YS2Jlc25YM09ZbjNBZGpRUTE5SFlMWQ&amp;q=https%3A%2F%2Fwww.skekraft.se%2Fom-oss%2Fjobba-hos-oss%2Fhogspanning-tv-serie-pa-viaplay%2F&amp;v=Ej3vwnjhepg\" rel=\"nofollow\" tabindex=\"0\" target=\"_blank\" class=\"\" style=\"outline: none;\">https:\/\/www.skekraft.se\/om-oss\/jobba-...<\/a> Vattenfall: <a href=\"https:\/\/www.youtube.com\/redirect?event=video_description&amp;redir_token=QUFFLUhqbHY5bV90VHk0WWk4a2F2QjBPbzZlU18xN2p5d3xBQ3Jtc0tsU19EWENIdThRM1ZwX1hNdUxUc0FkX19PQVI4U2xZLU00d3RvTS1GcS0xaXNDRm9HUkotSk5pOWxnUjdiODdWbl9Ob1BvZjNyOXR2Ml9yMUNkWU9odkRHamVKMC1lU0JmNTBiU0p4dU8yLXZqRUZraw&amp;q=https%3A%2F%2Fcareers.vattenfall.com%2Fse%2Fsv%2Fhogspanning&amp;v=Ej3vwnjhepg\" rel=\"nofollow\" tabindex=\"0\" target=\"_blank\" class=\"\" style=\"outline: none;\">https:\/\/careers.vattenfall.com\/se\/sv\/...<\/a> Viaplay:<a href=\"https:\/\/www.youtube.com\/redirect?event=video_description&amp;redir_token=QUFFLUhqa3JOT1FtQlBsa2J6RUVETFFJYnlZZVVQOHNvd3xBQ3Jtc0tsOXFDMk90TlJXMlRyaUo2RzNmZDI1anRuTFRIN2EyOHNxSUNDTVdLYTVUNEdpdTZnb1hpLVgwSFlWYVJxWjdMUjdlN0lKblVTa0l2UlhZaWgwSFl0TWJqVy1aMVJtY3NESmlBTFptak81ZGhsRWUxUQ&amp;q=https%3A%2F%2Fviaplay.se%2Fserier%2Fhogspanning&amp;v=Ej3vwnjhepg\" rel=\"nofollow\" tabindex=\"0\" target=\"_blank\" class=\"\" style=\"outline: none;\">https:\/\/viaplay.se\/serier\/hogspanning<\/a><\/p><p style=\"\" data-css=\"tve-u-18c67df912d\">Facebook:<a href=\"https:\/\/www.youtube.com\/redirect?event=video_description&amp;redir_token=QUFFLUhqbkxaYlJJUzRfYmFfRk5XQ2lzMWYxdlNLa3Rzd3xBQ3Jtc0tsRjd6bW5KRTR2SHVYajlUS3VjaktLWFJraVV3b1RUbU9lX3FLbEdIMHdYUURjcnhZcmpoNDhYSW5fNF9mUVd6WVc3b3hFQl9xcUhyZHRCOEZrME04bG5fS05qUUJWQ2JHYVI4cnJVNDFRdlhQd2FfUQ&amp;q=https%3A%2F%2Fwww.facebook.com%2Fhogspanning%C2%A0&amp;v=Ej3vwnjhepg\" rel=\"nofollow\" tabindex=\"0\" target=\"_blank\" class=\"\" style=\"outline: none;\">&nbsp;&nbsp;\/&nbsp;hogspanning&nbsp;&nbsp;&nbsp;<\/a><\/p><p data-css=\"tve-u-18c67df912f\" style=\"\">TikTok:<a href=\"https:\/\/www.youtube.com\/redirect?event=video_description&amp;redir_token=QUFFLUhqbVoyWHhjNmlXcjc4S3RWZFZlbmNJREgyZlBpZ3xBQ3Jtc0trMHM5ZlA1YWRqOVRsVi1vc1A5NVYzYkZZbEFTNk9naW9kZWFHUGk4eEV4Q1JrVTZZV1IyNE1oQldxQkFQX19rWlpoX2R2RWFmdDVIZXZ5NnVyQkZUWlZWTzlTMnV4enZPV0VBQnNSbmd0NTYwa3RYRQ&amp;q=https%3A%2F%2Fwww.tiktok.com%2F%40hogspanning%C2%A0&amp;v=Ej3vwnjhepg\" rel=\"nofollow\" tabindex=\"0\" target=\"_blank\" class=\"\" style=\"outline: none;\">&nbsp;&nbsp;\/&nbsp;hogspanning&nbsp;&nbsp;&nbsp;<\/a><\/p><p data-css=\"tve-u-18c67df912f\" style=\"\">Instagram:<a href=\"https:\/\/www.youtube.com\/redirect?event=video_description&amp;redir_token=QUFFLUhqbUVzVldidmVpbTc0Yi1YbkpCWlkyNUk1czYzd3xBQ3Jtc0tucDNBbjNQdldkbFJMU0h6Rk9HVGhBQ2dkMEZGeE1yVE9mTXZyQlQ4MnNuaDhVanVSU0tvd0R4MnQ3Z2RZV2NIVjV4X3ZFVXhtSWhERTZXbjMxbG1UbEFidmlTcFBMY1EwQTJVR19CZm9jb3RuZ0ZjMA&amp;q=https%3A%2F%2Fwww.instagram.com%2Fhogspanningofficial%2F&amp;v=Ej3vwnjhepg\" rel=\"nofollow\" tabindex=\"0\" target=\"_blank\" class=\"\" style=\"outline: none;\">&nbsp;&nbsp;\/&nbsp;hogspanningofficial&nbsp;&nbsp;<\/a><\/p><\/div><\/div><\/div><div class=\"tcb-flex-col\"><div class=\"tcb-col\"><div class=\"thrv_responsive_video thrv_wrapper tcb-lazy-load tcb-lazy-load-youtube\" data-type=\"youtube\" data-rel=\"0\" data-modestbranding=\"1\" data-aspect-ratio=\"16:9\" data-aspect-ratio-default=\"0\" data-float-position=\"top-left\" data-float-width-d=\"300px\" data-float-padding1-d=\"25px\" data-float-padding2-d=\"25px\" data-float-visibility=\"mobile\" data-url=\"https:\/\/youtu.be\/Ej3vwnjhepg?si=yV5TKBaSvwvBJahm\">\n\t\n\n\t<div class=\"tve_responsive_video_container\" style=\"padding-bottom: 56.25%;\">\n\t\t<div class=\"video_overlay\"><\/div>\n\t<iframe title=\"Responsive Video\" class=\"tcb-responsive-video\" data-code=\"Ej3vwnjhepg\" data-hash=\"undefined\" data-provider=\"youtube\" frameborder=\"0\" allowfullscreen=\"\" loading=\"lazy\" data-src=\"https:\/\/www.youtube.com\/embed\/Ej3vwnjhepg?rel=0&amp;modestbranding=1&amp;controls=1&amp;showinfo=1&amp;fs=1&amp;wmode=transparent&amp;enablejsapi=1\"><\/iframe><\/div>\n<\/div><\/div><\/div><\/div><\/div><div class=\"thrv_wrapper thrv-columns\" style=\"--tcb-col-el-width: 1040;\"><div class=\"tcb-flex-row v-2 tcb--cols--3\"><div class=\"tcb-flex-col\" data-css=\"tve-u-18c67e33930\" style=\"\"><div class=\"tcb-col\"><div class=\"thrv_wrapper thrv_text_element\"><h3 class=\"\"><strong>ONE Challenge<\/strong>&nbsp;<\/h3><p>Anders Jansson och v\u00e5r VD Jonas Arvidsson unders\u00f6ker om k\u00e4nda svenska idrottsstj\u00e4rnor har det som kr\u00e4vs f\u00f6r att utf\u00f6ra de jobb som energibranschens supertekniker g\u00f6r dagligen.<\/p><p>Har du det som kr\u00e4vs? S\u00f6k d\u00e5 jobb hos oss! Energibranschen beh\u00f6ver 100 000 ingenj\u00f6rer och tekniker de kommande 10 \u00e5ren. Tillsammans ska vi bygga framtidens fossilfria samh\u00e4lle.&nbsp;<\/p><\/div><\/div><\/div><div class=\"tcb-flex-col\"><div class=\"tcb-col\"><div class=\"thrv_responsive_video thrv_wrapper tcb-lazy-load tcb-lazy-load-youtube\" data-type=\"youtube\" data-rel=\"0\" data-modestbranding=\"1\" data-aspect-ratio=\"16:9\" data-aspect-ratio-default=\"0\" data-float-position=\"top-left\" data-float-width-d=\"300px\" data-float-padding1-d=\"25px\" data-float-padding2-d=\"25px\" data-float-visibility=\"mobile\" data-url=\"https:\/\/www.youtube.com\/watch?v=gGxDcwBDBEo&amp;ab_channel=ONENordic\">\n\t\n\n\t<div class=\"tve_responsive_video_container\" style=\"padding-bottom: 56.25%;\">\n\t\t<div class=\"video_overlay\"><\/div>\n\t<iframe title=\"Responsive Video\" class=\"tcb-responsive-video\" data-code=\"gGxDcwBDBEo\" data-hash=\"undefined\" data-provider=\"youtube\" frameborder=\"0\" allowfullscreen=\"\" loading=\"lazy\" data-src=\"https:\/\/www.youtube.com\/embed\/gGxDcwBDBEo?rel=0&amp;modestbranding=1&amp;controls=1&amp;showinfo=1&amp;fs=1&amp;wmode=transparent&amp;enablejsapi=1\"><\/iframe><\/div>\n<\/div><\/div><\/div><div class=\"tcb-flex-col\"><div class=\"tcb-col\"><div class=\"thrv_responsive_video thrv_wrapper tcb-lazy-load tcb-lazy-load-youtube\" data-type=\"youtube\" data-rel=\"0\" data-modestbranding=\"1\" data-aspect-ratio=\"16:9\" data-aspect-ratio-default=\"0\" data-float-position=\"top-left\" data-float-width-d=\"300px\" data-float-padding1-d=\"25px\" data-float-padding2-d=\"25px\" data-float-visibility=\"mobile\" data-url=\"https:\/\/www.youtube.com\/watch?v=ZtPttjlvC4E&amp;ab_channel=ONENordic\" style=\"\" data-css=\"tve-u-18c67dd3186\">\n\t\n\n\t<div class=\"tve_responsive_video_container\" style=\"padding-bottom: 56.25%;\">\n\t\t<div class=\"video_overlay\"><\/div>\n\t<iframe title=\"Responsive Video\" class=\"tcb-responsive-video\" data-code=\"ZtPttjlvC4E\" data-hash=\"undefined\" data-provider=\"youtube\" frameborder=\"0\" allowfullscreen=\"\" loading=\"lazy\" data-src=\"https:\/\/www.youtube.com\/embed\/ZtPttjlvC4E?rel=0&amp;modestbranding=1&amp;controls=1&amp;showinfo=1&amp;fs=1&amp;wmode=transparent&amp;enablejsapi=1\"><\/iframe><\/div>\n<\/div><\/div><\/div><\/div><\/div><div class=\"thrv_wrapper thrv-columns\" style=\"--tcb-col-el-width: 1040;\"><div class=\"tcb-flex-row v-2 tcb--cols--3\"><div class=\"tcb-flex-col\"><div class=\"tcb-col\"><div class=\"thrv_responsive_video thrv_wrapper tcb-lazy-load tcb-lazy-load-youtube\" data-type=\"youtube\" data-rel=\"0\" data-modestbranding=\"1\" data-aspect-ratio=\"16:9\" data-aspect-ratio-default=\"0\" data-float-visibility=\"mobile\" data-url=\"https:\/\/www.youtube.com\/watch?v=1GmNrhD2SmU&amp;ab_channel=ONENordic\" data-float-position=\"top-left\" data-float-width-d=\"300px\" data-float-padding1-d=\"25px\" data-float-padding2-d=\"25px\">\n\t\n\n\t<div class=\"tve_responsive_video_container\" style=\"padding-bottom: 56.25%;\">\n\t\t<div class=\"tcb-video-float-container\"><div class=\"video_overlay\"><\/div><iframe title=\"Responsive Video\" class=\"tcb-responsive-video\" data-code=\"1GmNrhD2SmU\" data-hash=\"undefined\" data-provider=\"youtube\" frameborder=\"0\" allowfullscreen=\"\" loading=\"lazy\" data-src=\"https:\/\/www.youtube.com\/embed\/1GmNrhD2SmU?rel=0&amp;modestbranding=1&amp;controls=1&amp;showinfo=1&amp;fs=1&amp;wmode=transparent&amp;enablejsapi=1\"><\/iframe><\/div>\n\t<\/div>\n<\/div><\/div><\/div><div class=\"tcb-flex-col\" data-css=\"tve-u-18c67e92792\" style=\"\"><div class=\"tcb-col\"><div class=\"thrv_responsive_video thrv_wrapper tcb-lazy-load tcb-lazy-load-youtube\" data-type=\"youtube\" data-rel=\"0\" data-modestbranding=\"1\" data-aspect-ratio=\"16:9\" data-aspect-ratio-default=\"0\" data-float-visibility=\"mobile\" data-url=\"https:\/\/www.youtube.com\/watch?v=3x0Kygdu98Y&amp;ab_channel=ONENordic\" data-float-position=\"top-left\" data-float-width-d=\"300px\" data-float-padding1-d=\"25px\" data-float-padding2-d=\"25px\">\n\t\n\n\t<div class=\"tve_responsive_video_container\" style=\"padding-bottom: 56.25%;\">\n\t\t<div class=\"tcb-video-float-container\"><div class=\"video_overlay\"><\/div><iframe title=\"Responsive Video\" class=\"tcb-responsive-video\" data-code=\"3x0Kygdu98Y\" data-hash=\"undefined\" data-provider=\"youtube\" frameborder=\"0\" allowfullscreen=\"\" loading=\"lazy\" data-src=\"https:\/\/www.youtube.com\/embed\/3x0Kygdu98Y?rel=0&amp;modestbranding=1&amp;controls=1&amp;showinfo=1&amp;fs=1&amp;wmode=transparent&amp;enablejsapi=1\"><\/iframe><\/div>\n\t<\/div>\n<\/div><\/div><\/div><div class=\"tcb-flex-col\" data-css=\"tve-u-18c67e6667e\" style=\"\"><div class=\"tcb-col\"><div class=\"thrv_responsive_video thrv_wrapper tcb-lazy-load tcb-lazy-load-youtube\" data-type=\"youtube\" data-rel=\"0\" data-modestbranding=\"1\" data-aspect-ratio=\"16:9\" data-aspect-ratio-default=\"0\" data-url=\"https:\/\/youtu.be\/xLKg5XGp0jw?si=Ku6kQs8ih6Zh85i1\">\n\t\n\n\t<div class=\"tve_responsive_video_container\" style=\"padding-bottom: 56.25%;\">\n\t\t<div class=\"video_overlay\"><\/div>\n\t<iframe title=\"Responsive Video\" class=\"tcb-responsive-video\" data-code=\"xLKg5XGp0jw\" data-hash=\"undefined\" data-provider=\"youtube\" frameborder=\"0\" allowfullscreen=\"\" loading=\"lazy\" data-src=\"https:\/\/www.youtube.com\/embed\/xLKg5XGp0jw?rel=0&amp;modestbranding=1&amp;controls=1&amp;showinfo=1&amp;fs=1&amp;wmode=transparent&amp;enablejsapi=1\"><\/iframe><\/div>\n<\/div><\/div><\/div><\/div><\/div><div class=\"thrv_wrapper thrv-columns\" style=\"--tcb-col-el-width: 1040;\"><div class=\"tcb-flex-row v-2 tcb--cols--3\"><div class=\"tcb-flex-col\"><div class=\"tcb-col\"><div class=\"thrv_responsive_video thrv_wrapper tcb-lazy-load tcb-lazy-load-youtube\" data-type=\"youtube\" data-rel=\"0\" data-modestbranding=\"1\" data-aspect-ratio=\"16:9\" data-aspect-ratio-default=\"0\" data-url=\"https:\/\/youtu.be\/CAt9Vqn36EY?si=7tJ-c9_AZfNjHOnB\">\n\t\n\n\t<div class=\"tve_responsive_video_container\" style=\"padding-bottom: 56.25%;\">\n\t\t<div class=\"video_overlay\"><\/div>\n\t<iframe title=\"Responsive Video\" class=\"tcb-responsive-video\" data-code=\"CAt9Vqn36EY\" data-hash=\"undefined\" data-provider=\"youtube\" frameborder=\"0\" allowfullscreen=\"\" loading=\"lazy\" data-src=\"https:\/\/www.youtube.com\/embed\/CAt9Vqn36EY?rel=0&amp;modestbranding=1&amp;controls=1&amp;showinfo=1&amp;fs=1&amp;wmode=transparent&amp;enablejsapi=1\"><\/iframe><\/div>\n<\/div><\/div><\/div><div class=\"tcb-flex-col\"><div class=\"tcb-col\"><div class=\"thrv_responsive_video thrv_wrapper tcb-lazy-load tcb-lazy-load-youtube\" data-type=\"youtube\" data-rel=\"0\" data-modestbranding=\"1\" data-aspect-ratio=\"16:9\" data-aspect-ratio-default=\"0\" data-float-visibility=\"mobile\" data-url=\"https:\/\/www.youtube.com\/watch?v=bL2FqZ_4knI&amp;ab_channel=ONENordic\" data-float-position=\"top-left\" data-float-width-d=\"300px\" data-float-padding1-d=\"25px\" data-float-padding2-d=\"25px\">\n\t\n\n\t<div class=\"tve_responsive_video_container\" style=\"padding-bottom: 56.25%;\">\n\t\t<div class=\"tcb-video-float-container\"><div class=\"video_overlay\"><\/div><iframe title=\"Responsive Video\" class=\"tcb-responsive-video\" data-code=\"bL2FqZ_4knI\" data-hash=\"undefined\" data-provider=\"youtube\" frameborder=\"0\" allowfullscreen=\"\" loading=\"lazy\" data-src=\"https:\/\/www.youtube.com\/embed\/bL2FqZ_4knI?rel=0&amp;modestbranding=1&amp;controls=1&amp;showinfo=1&amp;fs=1&amp;wmode=transparent&amp;enablejsapi=1\"><\/iframe><\/div>\n\t<\/div>\n<\/div><\/div><\/div><div class=\"tcb-flex-col\"><div class=\"tcb-col\"><div class=\"thrv_responsive_video thrv_wrapper tcb-lazy-load tcb-lazy-load-youtube\" data-type=\"youtube\" data-rel=\"0\" data-modestbranding=\"1\" data-aspect-ratio=\"16:9\" data-aspect-ratio-default=\"0\" data-float-visibility=\"mobile\" data-url=\"https:\/\/www.youtube.com\/watch?v=jjuxJ1riM2s&amp;ab_channel=ONENordic\" data-float-position=\"top-left\" data-float-width-d=\"300px\" data-float-padding1-d=\"25px\" data-float-padding2-d=\"25px\">\n\t\n\n\t<div class=\"tve_responsive_video_container\" style=\"padding-bottom: 56.25%;\">\n\t\t<div class=\"tcb-video-float-container\"><div class=\"video_overlay\"><\/div><iframe title=\"Responsive Video\" class=\"tcb-responsive-video\" data-code=\"jjuxJ1riM2s\" data-hash=\"undefined\" data-provider=\"youtube\" frameborder=\"0\" allowfullscreen=\"\" loading=\"lazy\" data-src=\"https:\/\/www.youtube.com\/embed\/jjuxJ1riM2s?rel=0&amp;modestbranding=1&amp;controls=1&amp;showinfo=1&amp;fs=1&amp;wmode=transparent&amp;enablejsapi=1\"><\/iframe><\/div>\n\t<\/div>\n<\/div><\/div><\/div><\/div><\/div>","tve_custom_css":"@media (min-width: 300px){.tcb-post-list[data-css=\"tve-u-16ed4d2e581\"] .post-wrapper.thrv_wrapper { width: calc(100% + 0px); }.tcb-post-list[data-css=\"tve-u-16ed4d2e581\"] .post-wrapper.thrv_wrapper:nth-child(n+2) { margin-top: 40px !important; }.tcb-post-list[data-css=\"tve-u-16ed4d2e581\"] .post-wrapper.thrv_wrapper:not(:nth-child(n+2)) { margin-top: 0px !important; }.tcb-post-list[data-css=\"tve-u-16ed4d2e581\"] .post-wrapper.thrv_wrapper:not(:nth-child(n)) { margin-right: 30px !important; }.tcb-post-list[data-css=\"tve-u-16ed4d2e581\"] .post-wrapper.thrv_wrapper:nth-child(n) { margin-right: 0px !important; }:not(#tve) [data-css=\"tve-u-18c67df912c\"] { padding-bottom: 0px !important; margin-bottom: 0px !important; }:not(#tve) [data-css=\"tve-u-18c67df912d\"] { padding-bottom: 0px !important; margin-bottom: 0px !important; }:not(#tve) [data-css=\"tve-u-18c67df912f\"] { padding-bottom: 0px !important; margin-bottom: 0px !important; }[data-css=\"tve-u-18c67e33930\"] { max-width: 33.3331%; }[data-css=\"tve-u-18c67e6667e\"] { max-width: 33.3331%; }[data-css=\"tve-u-18c67e92792\"] { max-width: 33.3331%; }[data-css=\"tve-u-195418a2ef9\"] { width: 342px; }[data-css=\"tve-u-195418a43ce\"] { margin-top: -8.305px; margin-left: 0px; width: 100% !important; max-width: none !important; }[data-css=\"tve-u-195418a2ef9\"] .tve_image_frame { height: 386.059px; }[data-css=\"tve-u-195418b5c8f\"] { max-width: 50%; }[data-css=\"tve-u-1960f7a8fef\"] { width: 391px; }}","tve_user_custom_css":"","tve_globals":{"e":"1","font_cls":[]},"tcb2_ready":1,"tcb_editor_enabled":1,"tve_landing_page":"","_tve_header":"","_tve_footer":""},"class_list":["post-117","page","type-page","status-publish","has-post-thumbnail","hentry","post-wrapper","thrv_wrapper"],"_links":{"self":[{"href":"https:\/\/elkraftentreprenorerna.se\/index.php\/wp-json\/wp\/v2\/pages\/117","targetHints":{"allow":["GET"]}}],"collection":[{"href":"https:\/\/elkraftentreprenorerna.se\/index.php\/wp-json\/wp\/v2\/pages"}],"about":[{"href":"https:\/\/elkraftentreprenorerna.se\/index.php\/wp-json\/wp\/v2\/types\/page"}],"author":[{"embeddable":true,"href":"https:\/\/elkraftentreprenorerna.se\/index.php\/wp-json\/wp\/v2\/users\/5"}],"replies":[{"embeddable":true,"href":"https:\/\/elkraftentreprenorerna.se\/index.php\/wp-json\/wp\/v2\/comments?post=117"}],"version-history":[{"count":22,"href":"https:\/\/elkraftentreprenorerna.se\/index.php\/wp-json\/wp\/v2\/pages\/117\/revisions"}],"predecessor-version":[{"id":252,"href":"https:\/\/elkraftentreprenorerna.se\/index.php\/wp-json\/wp\/v2\/pages\/117\/revisions\/252"}],"wp:featuredmedia":[{"embeddable":true,"href":"https:\/\/elkraftentreprenorerna.se\/index.php\/wp-json\/wp\/v2\/media\/164"}],"wp:attachment":[{"href":"https:\/\/elkraftentreprenorerna.se\/index.php\/wp-json\/wp\/v2\/media?parent=117"}],"curies":[{"name":"wp","href":"https:\/\/api.w.org\/{rel}","templated":true}]}}