{"id":125,"date":"2023-09-13T17:55:20","date_gmt":"2023-09-13T15:55:20","guid":{"rendered":"https:\/\/elkraftentreprenorerna.se\/?page_id=125"},"modified":"2025-09-30T13:33:08","modified_gmt":"2025-09-30T11:33:08","slug":"arbetsmiljo-och-sakerhet","status":"publish","type":"page","link":"https:\/\/elkraftentreprenorerna.se\/index.php\/arbetsmiljo-och-sakerhet\/","title":{"rendered":"Arbetsmilj\u00f6"},"content":{"rendered":"<h1 style=\"\">Arbetsmilj\u00f6 och s\u00e4kerhet<\/h1>\n<p>Sveriges Elkraftentrepren\u00f6rer arbetar proaktivt f\u00f6r att st\u00e4rka s\u00e4kerhetskulturen i branschen och har bland annat gjort ett gemensamt st\u00e4llningstagande f\u00f6r att arbeta s\u00e4kert.<\/p>\n<h3>Sveriges Elkraftentrepren\u00f6rers gemensamma st\u00e4llningstagande f\u00f6r att arbeta s\u00e4kert:<\/h3>\n<ul>\n<li>Vi f\u00f6ljer g\u00e4llande lagar och f\u00f6reskrifter.<\/li>\n<li>Vi utv\u00e4rderar och f\u00f6rebygger fortl\u00f6pande riskerna i v\u00e5r verksamhet.<\/li>\n<li>Vi informerar och utbildar v\u00e5ra medarbetare f\u00f6r att kunna hantera riskerna i arbetet.<\/li>\n<li>Vi utf\u00f6r arbete d\u00e5 detta kan utf\u00f6ras p\u00e5 ett s\u00e4kert s\u00e4tt efter sedvanlig riskbed\u00f6mning i varje enskilt fall.<\/li>\n<li>Vid \u00e4ndrade f\u00f6rh\u00e5llanden p\u00e5 arbetsplatsen stannar vi upp och utv\u00e4rderar riskerna p\u00e5 nytt. Vi stoppar alltid os\u00e4kra arbeten.<\/li>\n<li>Vi arbetar inte under p\u00e5g\u00e5ende storm eller likartade v\u00e4derf\u00f6rh\u00e5llanden d\u00e5 det finns risk f\u00f6r att tr\u00e4ffas av fallande tr\u00e4d eller kringflygande f\u00f6rem\u00e5l.<\/li>\n<li style=\"\">Vi hanterar stormf\u00e4lld skog eller skog nedtyngd av bl\u00f6tsn\u00f6, p\u00e5 ett s\u00e4kert s\u00e4tt genom;\n<ul>\n<li style=\"\">anv\u00e4ndande av godk\u00e4nda metoder<\/li>\n<li style=\"\">att det utf\u00f6rs av f\u00f6r \u00e4ndam\u00e5let utbildad personal och med l\u00e4mplig utrustning eller l\u00e4mpliga maskinella resurser d\u00e5 arbetet kan utf\u00f6ras under s\u00e4kra f\u00f6rh\u00e5llanden.<\/li>\n<\/ul>\n<\/li>\n<\/ul>\n","protected":false},"excerpt":{"rendered":"<p>Arbetsmilj\u00f6 och s\u00e4kerhet Sveriges Elkraftentrepren\u00f6rer arbetar proaktivt f\u00f6r att st\u00e4rka s\u00e4kerhetskulturen i branschen och har bland annat gjort ett gemensamt st\u00e4llningstagande f\u00f6r att arbeta s\u00e4kert. Sveriges Elkraftentrepren\u00f6rers gemensamma st\u00e4llningstagande f\u00f6r att arbeta s\u00e4kert: Vi f\u00f6ljer g\u00e4llande lagar och f\u00f6reskrifter. Vi utv\u00e4rderar och f\u00f6rebygger fortl\u00f6pande riskerna i v\u00e5r verksamhet. Vi informerar och utbildar v\u00e5ra medarbetare f\u00f6r [&hellip;]<\/p>\n","protected":false},"author":5,"featured_media":121,"parent":0,"menu_order":0,"comment_status":"closed","ping_status":"closed","template":"","meta":{"footnotes":"","tve_updated_post":"<div class=\"tcb-clear\" data-css=\"tve-u-18a94040c70\"><div class=\"thrv_wrapper thrv_text_element\" style=\"\" data-css=\"tve-u-18a9403ae4b\"><h1 class=\"\" style=\"\" data-css=\"tve-u-18a93a465b0\">Arbetsmilj\u00f6 och s\u00e4kerhet<\/h1><p>Sveriges Elkraftentrepren\u00f6rer arbetar proaktivt f\u00f6r att st\u00e4rka s\u00e4kerhetskulturen i branschen och har bland annat gjort ett gemensamt st\u00e4llningstagande f\u00f6r att arbeta s\u00e4kert.<\/p><h3 class=\"\">Sveriges Elkraftentrepren\u00f6rers gemensamma st\u00e4llningstagande f\u00f6r att arbeta s\u00e4kert:<\/h3><ul class=\"\"><li>Vi f\u00f6ljer g\u00e4llande lagar och f\u00f6reskrifter.<\/li><li>Vi utv\u00e4rderar och f\u00f6rebygger fortl\u00f6pande riskerna i v\u00e5r verksamhet.<\/li><li>Vi informerar och utbildar v\u00e5ra medarbetare f\u00f6r att kunna hantera riskerna i arbetet.<\/li><li>Vi utf\u00f6r arbete d\u00e5 detta kan utf\u00f6ras p\u00e5 ett s\u00e4kert s\u00e4tt efter sedvanlig riskbed\u00f6mning i varje enskilt fall.<\/li><li>Vid \u00e4ndrade f\u00f6rh\u00e5llanden p\u00e5 arbetsplatsen stannar vi upp och utv\u00e4rderar riskerna p\u00e5 nytt. Vi stoppar alltid os\u00e4kra arbeten.<\/li><li>Vi arbetar inte under p\u00e5g\u00e5ende storm eller likartade v\u00e4derf\u00f6rh\u00e5llanden d\u00e5 det finns risk f\u00f6r att tr\u00e4ffas av fallande tr\u00e4d eller kringflygande f\u00f6rem\u00e5l.<\/li><li style=\"\" data-css=\"tve-u-18a9405139d\">Vi hanterar stormf\u00e4lld skog eller skog nedtyngd av bl\u00f6tsn\u00f6, p\u00e5 ett s\u00e4kert s\u00e4tt genom;<ul><li style=\"\" data-css=\"tve-u-18a94053933\">anv\u00e4ndande av godk\u00e4nda metoder<\/li><li style=\"\" data-css=\"tve-u-18a94033be4\">att det utf\u00f6rs av f\u00f6r \u00e4ndam\u00e5let utbildad personal och med l\u00e4mplig utrustning eller l\u00e4mpliga maskinella resurser d\u00e5 arbetet kan utf\u00f6ras under s\u00e4kra f\u00f6rh\u00e5llanden.<\/li><\/ul><\/li><\/ul><\/div><\/div><div class=\"thrv_wrapper thrv-page-section tve-height-update tcb-window-width\" style=\"\">\n\t<div class=\"tve-page-section-out\" style=\"\" data-css=\"tve-u-18a93a3d59d\"><\/div>\n\t<div class=\"tve-page-section-in tve_empty_dropzone\" data-css=\"tve-u-18a93a3ae69\"><\/div>\n<\/div>","tve_custom_css":"@media (min-width: 300px){.tcb-post-list[data-css=\"tve-u-16ed4d2e581\"] .post-wrapper.thrv_wrapper { width: calc(100% + 0px); }.tcb-post-list[data-css=\"tve-u-16ed4d2e581\"] .post-wrapper.thrv_wrapper:nth-child(n+2) { margin-top: 40px !important; }.tcb-post-list[data-css=\"tve-u-16ed4d2e581\"] .post-wrapper.thrv_wrapper:not(:nth-child(n+2)) { margin-top: 0px !important; }.tcb-post-list[data-css=\"tve-u-16ed4d2e581\"] .post-wrapper.thrv_wrapper:not(:nth-child(n)) { margin-right: 30px !important; }.tcb-post-list[data-css=\"tve-u-16ed4d2e581\"] .post-wrapper.thrv_wrapper:nth-child(n) { margin-right: 0px !important; }[data-css=\"tve-u-18a93a3ae69\"] { min-width: auto; max-width: 1040px; }[data-css=\"tve-u-18a93a3d59d\"] { background-image: linear-gradient(var(--tcb-skin-color-2),var(--tcb-skin-color-2)) !important; background-size: auto !important; background-position: 50% 50% !important; background-attachment: scroll !important; background-repeat: no-repeat !important; --background-image: linear-gradient(var(--tcb-skin-color-2),var(--tcb-skin-color-2)) !important; --background-size: auto auto !important; --background-position: 50% 50% !important; --background-attachment: scroll !important; --background-repeat: no-repeat !important; --tve-applied-background-image: linear-gradient(var$(--tcb-skin-color-2),var$(--tcb-skin-color-2)) !important; }:not(#tve) [data-css=\"tve-u-18a94033be4\"] { padding-bottom: 0px !important; margin-bottom: 0px !important; }[data-css=\"tve-u-18a9403ae4b\"] { float: left; z-index: 3; position: relative; --tve-alignment: left; padding-left: 1px !important; }[data-css=\"tve-u-18a94040c70\"]::after { clear: both; }:not(#tve) [data-css=\"tve-u-18a9405139d\"] { padding-bottom: 0px !important; margin-bottom: 0px !important; }:not(#tve) [data-css=\"tve-u-18a94053933\"] { padding-top: 9px !important; margin-top: 0px !important; }}@media (max-width: 1023px){.tcb-post-list[data-css=\"tve-u-16ed4d2e581\"] .post-wrapper.thrv_wrapper { width: calc(100% + 0px); }.tcb-post-list[data-css=\"tve-u-16ed4d2e581\"] .post-wrapper.thrv_wrapper:nth-child(n+2) { margin-top: 40px !important; }.tcb-post-list[data-css=\"tve-u-16ed4d2e581\"] .post-wrapper.thrv_wrapper:not(:nth-child(n+2)) { margin-top: 0px !important; }.tcb-post-list[data-css=\"tve-u-16ed4d2e581\"] .post-wrapper.thrv_wrapper:not(:nth-child(n)) { margin-right: 30px !important; }.tcb-post-list[data-css=\"tve-u-16ed4d2e581\"] .post-wrapper.thrv_wrapper:nth-child(n) { margin-right: 0px !important; }[data-css=\"tve-u-18a93a3ae69\"] { max-width: 688px; }}@media (max-width: 767px){.tcb-post-list[data-css=\"tve-u-16ed4d2e581\"] .post-wrapper.thrv_wrapper { width: calc(100% + 0px); }.tcb-post-list[data-css=\"tve-u-16ed4d2e581\"] .post-wrapper.thrv_wrapper:nth-child(n+2) { margin-top: 40px !important; }.tcb-post-list[data-css=\"tve-u-16ed4d2e581\"] .post-wrapper.thrv_wrapper:not(:nth-child(n+2)) { margin-top: 0px !important; }.tcb-post-list[data-css=\"tve-u-16ed4d2e581\"] .post-wrapper.thrv_wrapper:not(:nth-child(n)) { margin-right: 0px !important; }.tcb-post-list[data-css=\"tve-u-16ed4d2e581\"] .post-wrapper.thrv_wrapper:nth-child(n) { margin-right: 0px !important; }[data-css=\"tve-u-18a93a3ae69\"] { max-width: 320px; }:not(#tve) [data-css=\"tve-u-18a93a465b0\"] { font-size: 27px !important; }}","tve_user_custom_css":"","tve_globals":{"e":"1","font_cls":[]},"tcb2_ready":1,"tcb_editor_enabled":1,"tve_landing_page":"","_tve_header":"","_tve_footer":""},"class_list":["post-125","page","type-page","status-publish","has-post-thumbnail","hentry","post-wrapper","thrv_wrapper"],"_links":{"self":[{"href":"https:\/\/elkraftentreprenorerna.se\/index.php\/wp-json\/wp\/v2\/pages\/125","targetHints":{"allow":["GET"]}}],"collection":[{"href":"https:\/\/elkraftentreprenorerna.se\/index.php\/wp-json\/wp\/v2\/pages"}],"about":[{"href":"https:\/\/elkraftentreprenorerna.se\/index.php\/wp-json\/wp\/v2\/types\/page"}],"author":[{"embeddable":true,"href":"https:\/\/elkraftentreprenorerna.se\/index.php\/wp-json\/wp\/v2\/users\/5"}],"replies":[{"embeddable":true,"href":"https:\/\/elkraftentreprenorerna.se\/index.php\/wp-json\/wp\/v2\/comments?post=125"}],"version-history":[{"count":12,"href":"https:\/\/elkraftentreprenorerna.se\/index.php\/wp-json\/wp\/v2\/pages\/125\/revisions"}],"predecessor-version":[{"id":266,"href":"https:\/\/elkraftentreprenorerna.se\/index.php\/wp-json\/wp\/v2\/pages\/125\/revisions\/266"}],"wp:featuredmedia":[{"embeddable":true,"href":"https:\/\/elkraftentreprenorerna.se\/index.php\/wp-json\/wp\/v2\/media\/121"}],"wp:attachment":[{"href":"https:\/\/elkraftentreprenorerna.se\/index.php\/wp-json\/wp\/v2\/media?parent=125"}],"curies":[{"name":"wp","href":"https:\/\/api.w.org\/{rel}","templated":true}]}}

Arbetsmiljö

<h1 style="">Arbetsmiljö och säkerhet</h1>
<p>Sveriges Elkraftentreprenörer arbetar proaktivt för att stärka säkerhetskulturen i branschen och har bland annat gjort ett gemensamt ställningstagande för att arbeta säkert.</p>
<h3>Sveriges Elkraftentreprenörers gemensamma ställningstagande för att arbeta säkert:</h3>
<ul>
<li>Vi följer gällande lagar och föreskrifter.</li>
<li>Vi utvärderar och förebygger fortlöpande riskerna i vår verksamhet.</li>
<li>Vi informerar och utbildar våra medarbetare för att kunna hantera riskerna i arbetet.</li>
<li>Vi utför arbete då detta kan utföras på ett säkert sätt efter sedvanlig riskbedömning i varje enskilt fall.</li>
<li>Vid ändrade förhållanden på arbetsplatsen stannar vi upp och utvärderar riskerna på nytt. Vi stoppar alltid osäkra arbeten.</li>
<li>Vi arbetar inte under pågående storm eller likartade väderförhållanden då det finns risk för att träffas av fallande träd eller kringflygande föremål.</li>
<li style="">Vi hanterar stormfälld skog eller skog nedtyngd av blötsnö, på ett säkert sätt genom;
<ul>
<li style="">användande av godkända metoder</li>
<li style="">att det utförs av för ändamålet utbildad personal och med lämplig utrustning eller lämpliga maskinella resurser då arbetet kan utföras under säkra förhållanden.</li>
</ul>
</li>
</ul>

<p>Arbetsmiljö och säkerhet Sveriges Elkraftentreprenörer arbetar proaktivt för att stärka säkerhetskulturen i branschen och har bland annat gjort ett gemensamt ställningstagande för att arbeta säkert. Sveriges Elkraftentreprenörers gemensamma ställningstagande för att arbeta säkert: Vi följer gällande lagar och föreskrifter. Vi utvärderar och förebygger fortlöpande riskerna i vår verksamhet. Vi informerar och utbildar våra medarbetare för [&hellip;]</p>

<div class="tcb-clear" data-css="tve-u-18a94040c70"><div class="thrv_wrapper thrv_text_element" style="" data-css="tve-u-18a9403ae4b"><h1 class="" style="" data-css="tve-u-18a93a465b0">Arbetsmiljö och säkerhet</h1><p>Sveriges Elkraftentreprenörer arbetar proaktivt för att stärka säkerhetskulturen i branschen och har bland annat gjort ett gemensamt ställningstagande för att arbeta säkert.</p><h3 class="">Sveriges Elkraftentreprenörers gemensamma ställningstagande för att arbeta säkert:</h3><ul class=""><li>Vi följer gällande lagar och föreskrifter.</li><li>Vi utvärderar och förebygger fortlöpande riskerna i vår verksamhet.</li><li>Vi informerar och utbildar våra medarbetare för att kunna hantera riskerna i arbetet.</li><li>Vi utför arbete då detta kan utföras på ett säkert sätt efter sedvanlig riskbedömning i varje enskilt fall.</li><li>Vid ändrade förhållanden på arbetsplatsen stannar vi upp och utvärderar riskerna på nytt. Vi stoppar alltid osäkra arbeten.</li><li>Vi arbetar inte under pågående storm eller likartade väderförhållanden då det finns risk för att träffas av fallande träd eller kringflygande föremål.</li><li style="" data-css="tve-u-18a9405139d">Vi hanterar stormfälld skog eller skog nedtyngd av blötsnö, på ett säkert sätt genom;<ul><li style="" data-css="tve-u-18a94053933">användande av godkända metoder</li><li style="" data-css="tve-u-18a94033be4">att det utförs av för ändamålet utbildad personal och med lämplig utrustning eller lämpliga maskinella resurser då arbetet kan utföras under säkra förhållanden.</li></ul></li></ul></div></div><div class="thrv_wrapper thrv-page-section tve-height-update tcb-window-width" style="">
	<div class="tve-page-section-out" style="" data-css="tve-u-18a93a3d59d"></div>
	<div class="tve-page-section-in tve_empty_dropzone" data-css="tve-u-18a93a3ae69"></div>
</div>
